250. What is the hundreds digit of l?
1
Let i(w) = -97*w + 4. Let y be i(-2). Let a = 90 + y. Suppose 113 = -5*o + a. What is the units digit of o?
5
Suppose -3*o + 5*m = 62 + 41, 3*m = 15. Let t = o + 41. Suppose 0 = 5*j + t, -3*f + 40 = -2*f - 5*j. What is the tens digit of f?
2
Suppose -88*l = -91*l - 21. Let u(c) = -c**3 - c**2 + 14*c - 1. What is the tens digit of u(l)?
9
Suppose -18 = -14*p + 8*p. Suppose -3*z + 3 = -p, -z = h - 40. What is the tens digit of h?
3
Let m be (4 - 7)/((-14)/4 + 2). Suppose 4*h - 616 = m*a, -5*h - a + 770 = -0*a. What is the tens digit of h?
5
Let i = -1 + 30. Let n = -53 + i. Let y = 7 - n. What is the tens digit of y?
3
Suppose -3*x - c + 1288 = -10162, 0 = 2*x + c - 7634. What is the thousands digit of x?
3
Let j = -47 - -336. What is the tens digit of j?
8
Let l(p) = 5*p**2 + 9*p - 40. What is the tens digit of l(-10)?
7
Let d(y) = 2*y**2 - 5*y - 16. What is the units digit of d(15)?
9
Let i be (-6)/30 - (-288)/15. Let r = i + -4. What is the units digit of r?
5
Suppose 0*b + 28 = 2*b. Let h = 26 - b. Let j(r) = -r**3 + 12*r**2 + r + 4. What is the units digit of j(h)?
6
Let s = 24 + -22. Suppose -64 + 12 = -s*c. What is the units digit of c?
6
Let y be 220/35 - ((-12)/7 - -2). Suppose y - 18 = 4*b, 4*u - 439 = b. What is the tens digit of u?
0
Let j(z) = -z**3 - z + 909. What is the hundreds digit of j(0)?
9
Let t = 21 - 17. Suppose -t*p + 2*v = -180, 4*p - 94 = -v + 98. What is the units digit of p?
7
Suppose 3*a - 2*w = 214, 0 = 4*a - w - 436 + 144. What is the units digit of a?
4
Let s(l) = -99*l + 11. What is the hundreds digit of s(-4)?
4
Let g = -215 - -221. Suppose -4*q = 3*i - 22, 0*i + 2*i = q. Suppose -3*j = -3, 2*f - g*f - i*j + 42 = 0. What is the tens digit of f?
1
Let n = -30 - -31. Suppose n = u - 44. What is the tens digit of u?
4
Let v = -1291 - -1820. What is the units digit of v?
9
Let u(t) = -t**2 + 2*t - 2. Let p be u(3). Let k = p + 121. What is the units digit of k?
6
Let y(x) = -x**2 + 16*x + 5. Let k be y(16). Suppose k*u = 4*z - 20 - 185, -4*u - 263 = -5*z. What is the tens digit of z?
5
What is the tens digit of 2246/6 - (140/(-30) - -6)?
7
Suppose 0 = 18*r - 34*r + 9632. What is the hundreds digit of r?
6
Let j = -30 + 34. What is the tens digit of (-2)/j*(-154 - -12)?
7
Let m(k) = -k**2 - 6*k - 10. Let s be m(-8). Let v = s - -86. Suppose -13*z + 8*z = -v. What is the units digit of z?
2
Let d = -89 - -96. Suppose 0 = d*k - 1659 + 168. What is the hundreds digit of k?
2
Let j(m) = 100*m**2 - 10*m + 9. Let k = 40 + -39. What is the tens digit of j(k)?
9
Let y = -14 - -11. Let c be -1*(-2 + 15)*y. What is the units digit of 72/c + (-4)/(-26)?
2
Suppose -10*b - 573 = -3593. What is the hundreds digit of b?
3
What is the tens digit of (1242/7)/((-532)/49 - -11)?
4
Let f(v) = 6*v**3 - 3*v**2 + v. Let l be f(2). Let b be (-271)/(-5) - 1/5. Let x = b - l. What is the units digit of x?
6
Suppose i = 4*n + 2946, -3*i + 3*n + 1556 = -7264. What is the thousands digit of i?
2
Let b be (-147)/15 - 2/10. Let l be (-8)/20 + (-124)/b. What is the units digit of 44*(l/(-8))/(-3)?
2
Let l(x) = -4*x + 2. Let v be l(1). Let z be ((-3)/v)/((-14)/28). What is the tens digit of 2/z*(-69 + -3)?
4
Let r be 2*1*2*181/4. Let i = 281 - r. What is the tens digit of i?
0
Let k(z) = z**3 - 5*z**2 - 5*z - 7. Let r be k(6). Let b(d) be the second derivative of -59*d**3/6 + d**2/2 + 22*d. What is the tens digit of b(r)?
6
Suppose 2*k + 3*k - 15 = 0. Suppose -4*d - 15 = -d, -201 = -4*g - k*d. What is the units digit of g?
4
What is the hundreds digit of ((-24)/16)/(9/6)*-1657?
6
Suppose -28*o = -54*o + 76882. What is the thousands digit of o?
2
Let a be (2 - (3 + 0)) + -5 + 3. What is the tens digit of (-1008)/(-54)*((-162)/4)/a?
5
Suppose 0 = o - 3*n - 16, -5*o + 2*n = -o - 34. Let l = -28 + o. What is the units digit of (-14 - 0)*36/l?
4
Let d(z) = 21*z**2 + 44*z - 286. What is the thousands digit of d(9)?
1
Let w(f) = 2*f + 5. Let r be w(-10). Let g = r + 17. Suppose -h + 54 = g*h. What is the tens digit of h?
1
Suppose 5*n - 5055 = o, n = -3*o + 240 + 787. What is the units digit of n?
2
Let q(x) = -x**2 - 35*x + 14. What is the tens digit of q(-20)?
1
Suppose 0 = 2*g + 3*h - 0*h + 8, -4*g = 4*h + 8. Let l be 3 - (-1)/(0 + -2)*2. Suppose -4*p = -5*p - 5*w + 18, g*p = -l*w + 12. What is the units digit of p?
3
Suppose k + 2*k - 5*a - 9 = 0, 4*a + 12 = 3*k. Suppose -l - 3*l - k = 0. What is the units digit of 2*(-10)/(-4) + l?
3
Let n = -3380 - -4968. What is the tens digit of n?
8
Let z = -699 - -1149. What is the hundreds digit of z?
4
Suppose -5*g + 5 = -5*f, -4*g + 12 = 6*f - 2*f. Let b(y) = -3*y**2 + 1. Let q be b(f). What is the units digit of 6*(q - 16/(-6))?
4
What is the units digit of (2458/(-7))/((-194)/2716)?
6
Suppose -1780 = -4*y + 4*f - 5*f, -f = 3*y - 1336. What is the units digit of y?
4
Suppose r - 3*i = 533, 2*r = 4*i + 320 + 740. What is the tens digit of r?
2
Let m = 196 - -36. What is the tens digit of m?
3
Suppose -3458 - 1656 = -i - s, -2*i = -4*s - 10216. What is the hundreds digit of i?
1
Let t be (20/25)/((-4)/(-110)). Suppose -3*y = 3*d - 24, t = 4*d - d + y. Suppose 0 = -3*j + 15, w + 3*j = 58 - d. What is the tens digit of w?
3
Suppose -x + 464 + 180 = 0. What is the hundreds digit of x?
6
Suppose -4*r = -14 + 358. Let u = r - -172. What is the tens digit of u?
8
Let v(h) be the second derivative of -h**3/3 - 7*h**2/2 - 3*h. Let k be v(-5). Suppose -g + 2*p - k = -33, 4*g + 5*p = 107. What is the units digit of g?
8
Let c be (1*5)/(-3 - -4). Let y = 50 - c. What is the units digit of y?
5
What is the hundreds digit of 1306 + (0 - 6)/(6 - 5)?
3
Let l(n) = 382*n**2 - 30*n + 2. What is the hundreds digit of l(-2)?
5
Let l(a) = 38*a + 39. What is the tens digit of l(12)?
9
Let q = -81 + 86. Suppose -3*f + 418 = 4*l, -q*l + 3*l + 544 = 4*f. What is the tens digit of f?
3
Let s(c) = c**2 + c - 18. Suppose 0*u = -u + 2*r + 10, 2*u - 20 = -r. What is the units digit of s(u)?
2
Let o = 2134 + -1412. What is the units digit of o?
2
Let r(f) = -12*f + 6. Let a be r(2). What is the tens digit of (-15)/(-12) + a/(-24) - -98?
0
Let x(d) = -8*d + 3. Let w be x(2). Let z = 15 + w. Suppose -9 = z*q - 1, 159 = 5*b + 4*q. What is the units digit of b?
5
Suppose -4*t + w + 2871 = 0, -4*t + 9*t - 3587 = 3*w. What is the hundreds digit of t?
7
Let h(c) = 249*c - 147. What is the hundreds digit of h(10)?
3
Let i be 2/(4 + (-359)/90). Let c = i - 42. What is the units digit of c?
8
Suppose 254 = 2*c - 924. What is the hundreds digit of c?
5
Suppose 4*f - 5 = -4*o - 1, f = 3*o + 5. Suppose v - 105 = -f*y, y + y = 5*v + 75. Suppose -2*s - b - 2*b + y = 0, s - 3*b = 43. What is the tens digit of s?
3
Suppose 2*b - 1654 = -3*m + 1164, -5*m = 5*b - 4700. What is the tens digit of m?
3
What is the units digit of ((-10)/20)/(4/(-5792))?
4
Suppose a + 8 + 0 = 3*t, 0 = 4*a + 4*t. Let c(p) = p**3 + 3*p**2 - 1. Let x be c(a). Suppose -4 = -x*f + 5*o, -3*f + 14 = 2*f - o. What is the units digit of f?
3
Let s = -915 - -1909. What is the tens digit of s?
9
Let j(v) = 8*v + 2. Let z be j(-6). Let x = -36 - z. What is the units digit of x?
0
Let s = 18 - 46. Let w = 34 - s. What is the units digit of w?
2
Let o(u) = -u. Let c(s) = 8*s - 6. Let r(y) = -c(y) - 10*o(y). Let h(v) = 10*v + 36. Let f be h(-3). What is the units digit of r(f)?
8
Let g = -82 - 15. Let c = 151 + g. What is the tens digit of c?
5
Let s(g) = 339*g - 1061. What is the units digit of s(12)?
7
Let q(f) = 2*f**3 + 4*f**2 - 4*f - 10. Let g be q(-4). What is the units digit of (g/4*-4)/1?
8
Let a(g) = -g + 3. Let b be a(-7). What is the units digit of (b/(-2) - -4)*-43?
3
Let r = 302 - 56. Suppose -q = q - r. Let f = q - 70. What is the tens digit of f?
5
Let l = 3 + 14. Let f = 732 - 730. Suppose -3*d + 1 = -f*d, -2*m + l = 3*d. What is the units digit of m?
7
Let k(q) = -16*q**3 - 6*q**2 + 4*q - 3. Let n be k(2). Let o = 255 + n. What is the units digit of o?
8
Suppose 2*a = -3*s - 7, 0 = a + 5*s + 21 - 0. Let c(t) = t**3 - t**2 - t + 6. What is the tens digit of c(a)?
5
Let m = -5 - -20. Let a be (-12)/(-6) - (-2 + 2). Suppose m = a*n + 1. What is the units digit of n?
7
Let f = 2138 - 1005. What is the tens digit of f?
3
Suppose -3*u - 7 = 